, 179
Suppose 5*g = 4*p - 5930, -20*p - 2*g = -15*p - 7429. What are the prime factors of p?
3, 5, 11
Let l(p) = -9*p**2 + p - 2. Let n be l(5). Let t = 82 - n. What are the prime factors of t?
2, 19
Let y be (-10)/25 + (-92)/(-5). Let i = y + -9. What are the prime factors of i?
3
Suppose -5*r + 227 = -18. List the prime factors of -2 - ((-2)/(-7) - 5845/r).
3, 13
Let w(k) = k - 4. Let c be w(-9). Let n = 16 + c. Suppose -j = -5*j - 2*z + 72, j + n*z - 23 = 0. What are the prime factors of j?
17
Let r(m) = 6*m**2 + 8*m - 346. List the prime factors of r(-25).
2, 3, 89
Let x be 166/(-12) - ((-625)/30 + 20). Let k(s) = 3*s - 15. Let a(h) = -3*h + 14. Let i(u) = 7*a(u) + 6*k(u). What are the prime factors of i(x)?
47
List the prime factors of (10/(-15))/((-4)/(-21))*-370.
5, 7, 37
Let z be ((-12)/10)/(5/(-25)). Let d(n) = -n**3 + 7*n**2 - 2*n + 1. Let w be d(z). Let m = 48 - w. What are the prime factors of m?
23
Let i be 186*-1*-1 + -4. Let n = i - 116. What are the prime factors of n?
2, 3, 11
Let k(c) = 48 + c**3 - 2*c**2 - 48. Let z be k(2). What are the prime factors of z*(-4)/12 + 30?
2, 3, 5
Let u(n) = -n**2 - 3*n + 12. Let t be u(-5). Let j(c) be the first derivative of 8*c**3/3 - 2*c**2 + 2*c - 7. What are the prime factors of j(t)?
2, 13
Let i = 967 + -473. Let v = -296 + i. What are the prime factors of v?
2, 3, 11
Suppose 234 = -7*m + 2*m - 4*b, 0 = -4*m - 2*b - 186. List the prime factors of (m/(-3))/(26/39).
23
Let x(i) = 4*i - 2. Let d be x(-1). Let q be (0 + -1)/(2/d). Suppose 0*p - 5*p - q*u + 110 = 0, -2*p - u = -44. What are the prime factors of p?
2, 11
What are the prime factors of 20/(-16) + (-9402)/(-8)?
2, 587
Suppose -2*q + 76 = 2*n - 92, q - 412 = -5*n. List the prime factors of n.
2, 41
Let b(c) = 2*c**2 - 2*c + 3. Suppose 2*h = 4*p + 62, 3*p + p + 5*h + 27 = 0. Let j = 16 + p. What are the prime factors of b(j)?
3, 5
Suppose -4029 = -3*f - 5*i, -5*f = -0*i - 5*i - 6755. List the prime factors of f.
2, 337
Let u be (3 + 10/5)*-1. Let i(w) = -17*w - 16. List the prime factors of i(u).
3, 23
Let f(m) = 1597*m - 2*m**2 + 3*m**2 - 1596*m + 1. Suppose 5*l = 3*k - 20, 0*k + k = 3*l + 12. List the prime factors of f(l).
13
Let u(k) = -k**2 - 3*k. Let v be u(-3). Suppose -2*s + 31 = 4*m - 3*s, v = 2*m + s - 11. Suppose 2*c = m*c - 120. List the prime factors of c.
2, 3
Suppose -5*w = -0*w - 60. Let j = 12 - w. Suppose -8*t + 5*t + 9 = j. What are the prime factors of t?
3
Suppose -24 = -0*i - 3*i. Suppose -i*r + 204 = -4*r. List the prime factors of r.
3, 17
What are the prime factors of (-4)/2*-4 - -683?
691
Let w = -12 - -14. Suppose 5*d - 107 = -7*m + 3*m, 5*m + w*d - 121 = 0. Suppose -2*l - 2*k + 44 = 0, -5*k - m = -2*l + 56. What are the prime factors of l?
3
Suppose -5*t + 2497 + 158 = 0. Suppose 2*n = -n + t. List the prime factors of n.
3, 59
Let y be (0/(-2))/(9 + -8). Suppose y*o = -o - 1. List the prime factors of o*3 + (-3 - -21).
3, 5
Let f(k) = -k**2 - 7*k - 6. Let m be f(-3). Suppose -367 = -m*l + 269. List the prime factors of l.
2, 53
Suppose -3*s - 5 = u, -2*u - 4*s = -7*s - 17. Let d be 43 + 0/(u/(-2)). Suppose -2*g + d = 3*w, 0 = 4*w - g - 4*g - 88. List the prime factors of w.
17
Suppose 2*j = 3*q + 4 + 2, 0 = j - q - 3. Suppose 0 = -2*y + w + 13, 5*y - j*w = -0*y + 35. List the prime factors of 5/2 - y/8.
2
What are the prime factors of 258/8*(-9384)/(-207)?
2, 17, 43
Suppose -5*r + 891 = -q - 0*q, -5*q + 885 = 5*r. List the prime factors of r.
2, 89
Suppose 1239 = 21*y - 3780. What are the prime factors of y?
239
Suppose 2*r - 24 = -3*o + 249, 5*o = -15. Suppose 4*f + 5*t = 161, 5*f - 4*t - r = 50. What are the prime factors of f + 1 + 4 + -4?
2, 5
Let r be (6 - 2) + -20 + 0. Let b be (-20)/6*24/r. Suppose -41 = -3*n - b. List the prime factors of n.
2, 3
Let g = -260 - -1946. List the prime factors of g.
2, 3, 281
Let j(d) = 20*d**2 + 3*d - 31. List the prime factors of j(-5).
2, 227
What are the prime factors of 1/(-2) - (-17880)/48?
2, 3, 31
Let g(n) = -125*n - 114. What are the prime factors of g(-6)?
2, 3, 53
Let m(q) = 4*q**2 - 7*q**2 + 5*q + 7*q**2 + 28 - 2*q**2. List the prime factors of m(-6).
2, 5, 7
Let a(d) = -2264*d + 12. List the prime factors of a(-1).
2, 569
Suppose k - n = 398, 5*k + 2*n - 1204 = 2*k. What are the prime factors of k?
2, 5
Let u(w) = -w**3 - 6*w**2 + w - 5. Let c be u(-6). Let j(n) = -26*n - 1. Let a be j(-1). Let y = a + c. What are the prime factors of y?
2, 7
Suppose 2*w - 70 = -2*v, -3*w + 3*v + 69 = -6. Let f be 24 - 28 - -48*1. Let p = f - w. What are the prime factors of p?
2, 7
Let b(p) = -2*p - 12. Let m be b(-6). Suppose -5*i = -m*i - 15. Suppose 2*q + 2*h - 9 = 61, -i*q = 2*h - 106. List the prime factors of q.
2, 3
Suppose q + 4*d = -128, q = -q - 5*d - 271. Let t = q - -213. List the prime factors of t.
5, 13
Let v = -19 - -8. Let f(o) = o**2 + 8*o + 22. What are the prime factors of f(v)?
5, 11
Let v(d) = -5*d**3 - 8*d - 16. List the prime factors of v(-4).
2, 3, 7
Suppose 9 = 3*s, -5*w + s = 3*s - 91. What are the prime factors of w?
17
Suppose 9 + 23 = -4*j. Suppose 121 = 5*d + 21. Let q = d + j. What are the prime factors of q?
2, 3
Suppose -5*z = -3*z - 90. Let o = z - -18. What are the prime factors of o?
3, 7
Suppose -2150 = -3*q + s, -13*q + 2892 = -9*q + 5*s. What are the prime factors of q?
2, 359
Suppose -7*p + 7896 = 525. What are the prime factors of p?
3, 13
Suppose 0*n + 3*n + 4*o - 9 = 0, 4*o = -5*n + 23. Let w be ((-151)/(-2))/(n/14). Suppose -4*s - 172 = -3*t, -s - 61 = -4*t + w. List the prime factors of t.
2, 13
Let t(w) = 3*w**2 - 5*w - 1. Let i(a) = -a**2 + a + 1. Let x(v) = 5*i(v) + t(v). Let c be x(-4). What are the prime factors of -1 + -2 - (1 + c)?
2, 3
Let x = 18 + -15. Suppose -v - 5*z + 281 = 3*v, -x*v = z - 219. What are the prime factors of v?
2, 37
Let o(b) = -b**3 + 11*b**2 - 14*b + 29. Let g be o(10). Let w(a) = -6*a + 14 + a + 2*a. List the prime factors of w(g).
47
Let m = -103 + 184. Let j = m + -20. What are the prime factors of j?
61
Suppose 5*t + 4*k - 6*k - 2014 = 0, 5*t - 2016 = 3*k. What are the prime factors of t?
2, 3, 67
What are the prime factors of (-6)/10*(-5697 + (-312)/24)?
2, 3, 571
Suppose 11*c - 11090 = 1846. What are the prime factors of c?
2, 3, 7
Let w(s) = -12*s**3 - 3*s - 2. Let k(v) = -35*v**3 - 8*v - 5. Let f(h) = 3*k(h) - 8*w(h). List the prime factors of f(-1).
2, 5
What are the prime factors of 6/(-9) - (-11409)/9?
7, 181
Suppose 2*l + 11 = t, -2*l = -4*t - 0*l + 14. Suppose -a - t = 0, 0*o + 3*a + 4 = o. List the prime factors of (0 - o)/((-4)/204).
3, 17
Let p(i) = -i - 5. Let k be p(-8). Suppose -u = k*u. Suppose -2*z - 4*r + 16 = u, 0 = 6*z - 2*z - r - 77. List the prime factors of z.
2, 3
Suppose b - 24 = 5*b. Let h(x) be the first derivative of -4*x**2 - 13*x - 13. What are the prime factors of h(b)?
5, 7
Suppose 0 = 4*i - 4*r - 12676, -5*i + 2*r - 7*r = -15885. What are the prime factors of i?
19, 167
Suppose 0 = 9*z - 28931 + 10517. What are the prime factors of z?
2, 3, 11, 31
Suppose j = -l + 13 + 117, -5*j + 4*l + 641 = 0. List the prime factors of j.
3, 43
Let x(u) = 3*u + 6. Let g be x(-7). Let n(i) = i**3 + 14*i**2 - 20*i - 12. What are the prime factors of n(g)?
3, 7
Let p = -4 - -11. Suppose -r - p = -4*n, -4*r + 27 = 5*n - 8. Suppose 2*d + 5*o = 80, 2*o = n*d + 5*o - 129. What are the prime factors of d?
3, 5
Let f(i) = i + 20. Let p be -11 - -11 - 0/1. Let k be f(p). What are the prime factors of 5*((-96)/k)/(-2)?
2, 3
Suppose 3386 = 4*y + 6*x - 7*x, 5*y - 2*x - 4234 = 0. List the prime factors of y.
2, 3, 47
Suppose -4*s - 102 = 142. List the prime factors of (6/3)/((-2)/s).
61
Let k be (2 + -2)*(-4)/8. Suppose k = -3*i + 4*i - 31. Suppose p = 2*p - i. What are the prime factors of p?
31
Let n = 4 - -1. Suppose -3*y = n + 7. What are the prime factors of -2*14/y - -2?
3
Suppose -87 = -3*n + 4*w + 302, -4*w = n - 103. List the prime factors of n.
3, 41
Let k(q) = -q**2 - 11*q + 1. Suppose -3*t = -g - 9, 5*t + g = -4 + 11. Suppose w = -t*p - 4*w - 25, -p + 10 = -5*w. List the prime factors of k(p).
31
Let d(g) = g**2 - 2. Let k be d(2). Suppose 4*u - k = 14. Suppose u*j + 4 - 1 = 3*w, -w + 2*j = 1. What are the prime factors of w?
5
Suppose 3*d = 197 + 478. Suppose -j = 4*j